st the prime factors of b.
2, 3
Let o(d) = -348153*d**3 - d**2 - 1 - 5 + 348152*d**3 - 2*d + 0*d**2. Suppose -q - 3 = -0. What are the prime factors of o(q)?
2, 3
Suppose 22*t = 13*t + 23508. Suppose -6*h + 3136 + t = 0. List the prime factors of h.
2, 479
Let g be (-36)/(-72) + 6/4. Suppose 4*c = 5*c + 3, -3*i = g*c - 1752. List the prime factors of i.
2, 293
Let i(r) = -1188*r - 9587. List the prime factors of i(-53).
53377
Suppose 2*u = a + a - 8, 6 = 3*u. Let w(y) = y. Let v(o) = -4*o + 13. Let b(d) = a*w(d) - v(d). List the prime factors of b(5).
37
Let m = -2035 - -2642. List the prime factors of m.
607
Suppose 119783 = -88*q + 258*q + 39713. Let r(d) = -733*d. Let v be r(-1). Let h = v - q. List the prime factors of h.
2, 131
Suppose 24 = -6*m + 36. Suppose -4*a = -3*v - 2565, 2*a - m*v = -6*v + 1266. What are the prime factors of a?
3, 71
Suppose 0 = 100*i - 99*i - 1, 0 = -o + 3*i + 8563. List the prime factors of o.
2, 4283
Suppose 5*l = -2*f + 10, -3*l + 4*f = -0*f + 20. Suppose l = -190*i + 185*i + 4215. List the prime factors of i.
3, 281
Suppose -3*l = -l - 2, 3*y = -5*l + 13898. List the prime factors of y.
11, 421
List the prime factors of (15/(-18) + (-1685219)/174)*2/(-4).
29, 167
What are the prime factors of (-7)/(7/(-8))*(14333/2 + 3)?
2, 13, 1103
Let j(o) = -o**3 + 10*o**2 + 26*o - 22. Let g be j(12). Suppose g*x - 1402 = 552. List the prime factors of x.
977
Let o(y) = y - 9. Let k = -61 + 76. Let b be o(k). Suppose 0 = 3*r - 2*w - 125, 2*r + b*w = w + 77. List the prime factors of r.
41
Suppose -y + 0 = -2. Suppose -6*b + 2*o = -9*b + 538, -368 = -y*b + o. What are the prime factors of b?
2, 7, 13
Let k be (2 + -3)/((24/(-4))/12). Let s(m) = 25*m**2 - m + 3. Let f be s(k). List the prime factors of f/6 + 3/36*2.
17
Let d be 12 + -5 + (2 - 5). Suppose 3*h - 1926 = d*s, 8*h - 3245 = 3*h - 5*s. Suppose -16*u + 3206 - h = 0. What are the prime factors of u?
2, 5
Let y(i) = i**2 - 22*i + 98. Let w be y(6). Suppose 0 = u + 5*f - 374, 3*u + w*f - 280 - 790 = 0. List the prime factors of u.
2, 3, 59
Let y = 17021 + -1243. List the prime factors of y.
2, 7, 23
Suppose -15431 + 2628 = -7*a. Suppose -4*q + 1266 = d, 0 = d + 3*q - a + 565. What are the prime factors of d?
2, 17, 37
Let r = 1477 + -785. What are the prime factors of r?
2, 173
Suppose -4*k + 0*i - 3*i = 263, 4*k + 2*i + 262 = 0. Let b = -59 - k. Suppose b*x - 440 = -4*x. What are the prime factors of x?
2, 11
Suppose 306*k - 7751751 = 8382405. List the prime factors of k.
2, 41, 643
Let n(l) = -208*l + 683. What are the prime factors of n(-32)?
41, 179
Let t(h) = -h. Let x be t(0). Suppose -3*l - 5*n + 10 = x, 4*l - 4*n = -9 + 1. Suppose 182 = 2*b - 3*m - l*m, -91 = -b + 4*m. What are the prime factors of b?
7, 13
Let t(n) = 18*n**2 + 37*n + 10. Let s = -452 - -443. List the prime factors of t(s).
5, 227
Let s be (44/8 + -4)*748/3. Suppose 2*q - 3*n = 727, 13*q + s = 14*q - 5*n. What are the prime factors of q?
359
List the prime factors of 4001441/134 + -4 + 22/4.
29863
Suppose -25 = -8*j + 215. Suppose 20 = -4*x, 5*a - 3*x - j = -0*a. List the prime factors of a/(-4) - (-3843)/36.
2, 53
Let d(c) = 723*c**2 - 14*c + 12. What are the prime factors of d(2)?
2, 719
Suppose -11*f + 9 + 13 = 0. Let n be 3/f*10/(-15) + 4. List the prime factors of (1/n)/(8/3000).
5
Suppose 3*q + 340 - 574 = 0. Suppose 0 = -q*m + 75*m + 1080. What are the prime factors of m?
2, 3, 5
Let b(n) = n**3 - 5*n**2 - 5*n + 6. Let i be 3/1 + 5 + -4. Let z be b(i). What are the prime factors of (-153)/(-2)*z/(-45)?
3, 17
Let n be (-42 + -2)*3/(-3). Suppose -41*q + n*q = 303. List the prime factors of q.
101
Let y = -167 + 169. Suppose -x = 2*o - 188, x - 208 = -y*o + 5*o. List the prime factors of x.
2, 7
Let w = -7589 + 26604. What are the prime factors of w?
5, 3803
Suppose 193 = -6*z + 2785. Suppose -21*u = -17*u - z. Let f = u - 89. What are the prime factors of f?
19
Suppose -47*h - 39600 = -119*h. What are the prime factors of h?
2, 5, 11
Suppose 7*x + 3*t = 11*x + 19, 0 = x - 4*t + 8. List the prime factors of (48/30 + 0)/(x/(-1410)).
2, 3, 47
Suppose -67*m - 1500 = -63*m - 4*u, -365 = m + 4*u. Let n = m + 574. What are the prime factors of n?
3, 67
Let v(i) = -i**3 - 12*i**2 + i + 12. Let r be v(-12). Let d be r - (-9)/6*12/9. Suppose -p - 3*x + 17 = 0, -d*p + 48 = -2*x - 10. List the prime factors of p.
2, 13
Let q = -5 + 10. Suppose 940 = q*v - 460. List the prime factors of v.
2, 5, 7
Let y(p) = 35*p + 71. Let m = 520 + -517. List the prime factors of y(m).
2, 11
Let m(f) = -f**3 - 7*f**2 - 13*f. Let u be m(-4). Suppose -116 = -2*i - 5*g, 255 = 6*i - i - 5*g. Suppose 0 = -54*k + i*k + u. List the prime factors of k.
2
Let q(s) = 890*s**2 - 719*s - 14. List the prime factors of q(-6).
2, 5, 23, 79
Suppose -9 = 10*m + 31. Let s be 1/((-14)/m) - (-936)/56. Suppose 13*b = s*b - 380. List the prime factors of b.
5, 19
Let b = 3306 + 13080. What are the prime factors of b?
2, 3, 2731
Let c = -4 + 8. Let q(y) = 7*y**2 - 4*y + 4. Let p be q(c). List the prime factors of ((-24)/(-20) + 0)/(6/p).
2, 5
Suppose -3*l = -2*h - 64768, 5*h - 39637 + 126006 = 4*l. What are the prime factors of l?
2, 43, 251
Suppose d + 0 = -17. Let m = 36 + d. Let f(y) = y**2 - 13*y - 5. List the prime factors of f(m).
109
Let u(f) = f + 3. Let q be u(-5). Let x(c) = -8*c**3 - c**2. Let s be x(q). Suppose 0*v - v - 2*a = -46, 2*v = 4*a + s. What are the prime factors of v?
2, 19
Suppose k - 2*s = 24512, -4*k - 10*s + 45390 = -52748. What are the prime factors of k?
2, 3, 61, 67
Suppose -27*y = 2*y - 2755. Let p = y - -325. List the prime factors of p.
2, 3, 5, 7
Suppose -356 = 36*f - 40*f. Let l be 3 + 2/(-4)*-338. Let h = l - f. List the prime factors of h.
83
Let f(x) = 4705*x**2 - 117*x + 5. List the prime factors of f(3).
41999
Let l = 71392 - 5594. List the prime factors of l.
2, 167, 197
Suppose -9988*g = -10055*g + 1095182. What are the prime factors of g?
2, 11, 743
Let f = -495 - -877. Suppose 4*q = -z + f, -4*q - q = -3*z + 1214. What are the prime factors of z?
2, 199
Let b(x) = -32*x**3 - 9*x**2 + 4*x - 16. What are the prime factors of b(-6)?
2, 1637
Suppose 0 = -21*n + 2998 - 12112. Let f = -183 - n. What are the prime factors of f?
251
Let h(f) = 195*f + 54. Suppose 2*z + 0*z = 6. List the prime factors of h(z).
3, 71
Suppose 4*o = -2*i + 5906, 0*i = -2*i + 10. Let t = o - 959. What are the prime factors of t?
5, 103
Suppose 0 = -2*v + 7755 + 3431. Suppose -28*m + v + 15967 = 0. What are the prime factors of m?
2, 5, 7, 11
Suppose -76762 = 20*j + 27638. Let z = -3192 - j. What are the prime factors of z?
2, 3, 13
Let x(s) = -45 + s + 0*s**2 + s**2 + 42. Let f be x(-3). Suppose 0 = 3*l - 4*y - 114, -f*l - 2*l = -4*y - 190. List the prime factors of l.
2, 19
Let i(z) = -z**2 + 12*z - 8. Let v be i(12). Let y(j) = 11 + 0*j**2 - 62*j - 2*j**2 + 86*j - 42*j. List the prime factors of y(v).
3
Let b = 8125 - 4916. What are the prime factors of b?
3209
Let j(d) = d**3 - 13*d**2 - 15*d + 12. Let n be j(14). Let m be ((-109)/n)/(14/28). Let i = m - 28. What are the prime factors of i?
3
Suppose 0*z - 4*p - 15 = z, 4*z = -2*p + 10. Suppose -z*s = -3*u + 8*u - 1580, 4*u + 5*s - 1266 = 0. Suppose 2*y = -72 + u. What are the prime factors of y?
11
Let d(i) = 94*i + 56. Let l be d(8). Suppose -5*f + 398 = p, -5*p + 3*p = 4*f - l. What are the prime factors of p?
2, 3, 17
Let f(r) = 493*r + 502. List the prime factors of f(13).
6911
Suppose 4*i - 11 - 1 = 0. Suppose -i*y + 4*c + 42 = -0*y, -4 = -y - 2*c. List the prime factors of ((-445)/y)/((-1)/2).
89
Suppose 4*c = -3601 + 12125. List the prime factors of c.
2131
Let h(q) = 2 - 306*q + 0 + 402*q. Let v be h(2). Suppose 3*o - 2*o - v = 5*g, 0 = o + 4*g - 149. What are the prime factors of o?
13
Let x = -74 - -99. Suppose -x*r - 11024 = -33*r. List the prime factors of r.
2, 13, 53
Suppose 0 = -2*i + 5*o + 59972, -4*i + 120064 = 41*o - 36*o. What are the prime factors of i?
2, 3, 1667
Suppose -139*h + 3714084 = 87*h. What are the prime factors of h?
2, 3, 11, 83
Suppose -4*d - 4*a = -3200, -6*d + 2*d + 5*a + 3200 = 0. Suppose -c - 4*f = -186, 2*f = 4*c + 4*f - d. Let m = -124 + c. List the prime factors of m.
2, 3, 13
Let d(o) = -12*o - 16*o - 16 + 0 - o. Let s(c) = 63